5
Let v(s) = -13*s**3 - s**2 - 75*s - 1230. What is the tens digit of v(-15)?
4
Suppose -12*j - y = -15*j + 89, 0 = 3*j + 2*y - 74. Suppose -j*i = -27*i + 2, 0 = 5*p + 5*i - 4590. What is the hundreds digit of p?
9
Let p = -23 - -7. Let w = 20 + p. Suppose 170 = w*g - 78. What is the tens digit of g?
6
Let y(i) = i**2 + 5*i + 32. Let s = -351 + 340. What is the units digit of y(s)?
8
Let r be (-624)/(-21) + (-2)/(-7). Let l(h) = -h**2 - 45*h - 375. Let v be l(-12). Suppose -22*a + v*a = -r. What is the units digit of a?
0
Suppose 0 = -4*x + 7*x + 2*v + 1316, 0 = x - v + 437. Let n = 640 + x. What is the hundreds digit of n?
2
Let s(p) = 18*p + 18. Let f be s(-1). Suppose 27*i - 8*i - 5985 = f. What is the hundreds digit of i?
3
Suppose -4*g = 21 - 53. Suppose g*o - 14*o = 378. Let i = -40 - o. What is the units digit of i?
3
Let c = 24 - 18. Suppose 0 = 3*l - c, -5*l - 40 + 9 = -k. Suppose 2*s - k = -5*b + 2, 0 = -4*b + 3*s + 16. What is the units digit of b?
7
Let u(d) = 433*d + 34. Let v = -60 - -62. What is the tens digit of u(v)?
0
Suppose 33*c - 77252 = 139954. What is the units digit of c?
2
Suppose -8*w + 39 = q - 4*w, 1 = w. Let n(t) = -t**3 + 34*t**2 + 43*t + 53. What is the tens digit of n(q)?
3
Let a = -38 - -42. Suppose -3*c - c = 8, -a*c = -5*j - 12. Let f = j - -47. What is the units digit of f?
3
Let p = 392 + 3944. What is the tens digit of p?
3
Suppose -85 = -3*l - 10. Let b = 20 - l. What is the tens digit of b*(-7)/(35/88)?
8
Suppose 6*i + 4*v = 11*i - 24181, 0 = -11*v + 11. What is the thousands digit of i?
4
Let x(c) = c**3 - 2*c**2 - 175*c + 11. What is the tens digit of x(20)?
1
Suppose 18 = -5*j - 2. Let s be (-22)/j - (-11)/(-22). Suppose s*t - g + 3*g = 285, -4*t = g - 231. What is the units digit of t?
9
Let d be (-6 - 287/(-49)) + (-14183)/(-7). What is the hundreds digit of d/10 + (-4)/(-10)?
2
Let j(t) = -133*t**3 + 4*t**2 + 3*t + 9. Let u be j(-3). Suppose -u = -3*d - 10*d. What is the units digit of d?
9
Let y = 19491 - 8989. What is the ten thousands digit of y?
1
Suppose -35 = o + 6*o. Let m be (-15)/(o/(-30)*-3). Suppose -v = -m - 20. What is the tens digit of v?
5
Suppose 3*v - 5*v = 2*w - 42, 5*v - 135 = w. Let s = v - 2. Let p = 0 + s. What is the units digit of p?
4
Suppose 26*x - 118 = 25*x. Let q = x + 415. What is the units digit of q?
3
Let z(x) = 32 + 3*x - 3*x**2 - 50 + x**2 - x. Let h be z(0). What is the units digit of (-1 + 4)/(h/(-444))?
4
Let p be (-195)/(-26)*70/3. Let z = p + -81. Suppose 0 = 2*g - 8 - z. What is the tens digit of g?
5
Let r be (9 + -7 + -1)*5. What is the units digit of (0 - 369)/(1/r*-5)?
9
Suppose -504 = 7*j - 525. Suppose 5*r = -24*g + 20*g + 3219, -j*g - 1953 = -3*r. What is the hundreds digit of r?
6
Let a(b) = -44*b + 13*b + 20*b + 17*b + 18*b**2 + 14 - 2*b**2. What is the tens digit of a(-2)?
6
Let n(p) = -11*p - 47. Let u be n(-4). Let r(l) = -l - 5. Let c be r(0). What is the tens digit of (-490)/(-14)*u/c?
2
Let a = 155 - 152. What is the tens digit of (1084/12 + -3)*a/2?
3
Let o(l) = -l**2 - 5*l - 4. Let s be o(-3). Suppose 5*j - 521 = -g, -2*g - 131 = -s*j + 75. What is the hundreds digit of j?
1
Let v = -153 + -52. Let n = v + 626. What is the units digit of n?
1
Let p be (21/28)/((-12)/(-208)). Suppose 874 = x - t, -p*x - 5*t + 2614 = -10*x. What is the units digit of x?
3
Let h = 2236 + -1522. Let i = h + -492. Suppose i = -d + 3*d. What is the units digit of d?
1
Suppose -f = -7*f + 12. Suppose 0 = 3*y - 2*y - 4. Suppose -232 = -2*c - 3*c + f*a, -4*a + 208 = y*c. What is the tens digit of c?
4
Suppose -63*w + 5 = -62*w. Suppose w*x - 4 = 11, 0 = -4*l + 5*x + 2633. What is the tens digit of l?
6
Let k = 1 - -4. Let b be ((-118)/6)/(366/(-72) + 5). Suppose 4*n + 3*o = b, k*n + 2*o = -0*o + 288. What is the tens digit of n?
5
Suppose 17*r = u + 14*r - 14121, 0 = 2*u - 3*r - 28233. Suppose 11*q + 2386 - u = 0. What is the tens digit of q?
6
Let l = 150 + -106. Suppose l*i - 40*i = 0. What is the tens digit of i - 2/(-3) - (-2680)/12?
2
Suppose -94 = -14*m + 32. What is the tens digit of (m - (7 - 7)) + 1447?
5
Let m be ((-9)/(-27))/((-2)/(-48)). Let w be 55/(-25) + m/(-10). What is the units digit of w*1*(-464)/24?
8
Let h = -423 - -425. Suppose 2*m - 140 - 389 = 5*y, -2*y = h*m - 494. What is the hundreds digit of m?
2
Let m = -5 + 7. Let v(l) = -20 + l**3 + 2 - 4*l - 2*l**2 - 10*l**m - 31*l. What is the units digit of v(15)?
2
Let h = 10018 + 57268. What is the tens digit of h?
8
Suppose -7 = 2*x + 7. Let r(j) = 14 + 4*j**3 - 3*j**3 - 11*j + 30*j + 14*j**2. What is the hundreds digit of r(x)?
2
Let i be 614/(-8)*(0 + 0 + -4). Suppose -i = -4*a + 2*b + 605, -5*a + 4*b + 1134 = 0. What is the tens digit of (-3 - (1 - 4)) + a?
3
Suppose -31*b + 58*b - 324 = 0. What is the hundreds digit of (78/b)/((-4)/(-480))?
7
Let p = -147 + 152. Suppose p*u - 4*n - 1062 = -0*n, -5*u - n + 1047 = 0. What is the hundreds digit of u?
2
Let u = 8413 + 14757. What is the tens digit of u?
7
What is the tens digit of (45 + -42)*((-7)/42 - (-4242)/4)?
8
Let s(n) = n**2 - 2*n - 6. Suppose 9*x + 25 = 7. Let y be s(x). Suppose 66 + 294 = y*q. What is the hundreds digit of q?
1
Suppose 0 = -3*p + 2*z + z - 45, 4*p + 65 = 5*z. Let r(v) = 6*v**2 + 21*v + 9. What is the hundreds digit of r(p)?
3
Let a(q) be the first derivative of -13*q**4/4 + q**3 + 10*q**2 + 57*q - 61. What is the units digit of a(-4)?
7
Suppose -4*b = -7*b + 6, 4*q = 2*b + 11636. What is the thousands digit of q?
2
Let q(t) = -t + 1. Let g be q(-3). Suppose g*z - z - 1962 = 0. What is the hundreds digit of z?
6
What is the hundreds digit of ((-4392)/42)/(9/(-315))?
6
Let p(r) be the third derivative of r**6/120 + 2*r**5/5 - 13*r**4/6 - 20*r**3/3 - 82*r**2. What is the tens digit of p(-24)?
0
Let q(g) = 25*g**3 - 14*g - 14*g**3 - 9 - 12*g**3 - 8*g**2. Let x be q(-6). Suppose -p - 264 = -x*p. What is the hundreds digit of p?
1
What is the hundreds digit of 1945 - (-10)/(-4)*(13 + -11)?
9
Let l = -12231 + 30156. What is the tens digit of l?
2
Suppose -u = 1, 5*v + 2*u = -0*u + 163. Let q = v - -131. What is the units digit of q?
4
Suppose -4*l - 1832 = -4*z, 5*z + 454 = 6*z - 5*l. Suppose -925 = -4*b - 3*q, -z = -2*b - 9*q + 4*q. What is the hundreds digit of b?
2
Suppose s + 14*o = 11*o + 11, 3*s - o - 33 = 0. Suppose -s*i - 3*f + 4192 = -6*i, i + 2*f = 844. What is the units digit of i?
6
Let n(x) = x**3 - 17*x**2 - 25*x + 29. Let w be n(18). Suppose s - 3*s = -2*z + 350, 2*s - z + 347 = 0. Let h = w - s. What is the tens digit of h?
7
What is the tens digit of (4338/1)/((-246)/(-1148))?
4
Suppose 17970 = -11*m + 9*m + 3*t, m - 4*t + 8985 = 0. What is the tens digit of m/27*-3 - (-12)/(-9)?
9
Suppose 0*h = -3*h + 3, -3*t + 11 = -4*h. Suppose -b + 7 = t. Suppose d - 3*a = 43, b*d = a + 3*a + 96. What is the units digit of d?
8
Let a = -89 - -87. Let o be (-4)/(-3 + (-2)/a). Suppose -74 = 3*y - 5*y + 4*n, -72 = -2*y + o*n. What is the units digit of y?
5
Suppose 3*m = 3*x + 37491, m - 16936 = -2*x - 4421. What is the ten thousands digit of m?
1
Let p(a) = 32*a - 1 + 37*a + 49*a - a. Let b be -1*(18/42 - 20/14). What is the tens digit of p(b)?
1
Let k = -55 + 239. Let b = 56 + k. What is the hundreds digit of b?
2
What is the hundreds digit of (-370)/(27/(-12) - 20/(-16))?
3
Suppose 1749 = 87*r - 86*r. What is the hundreds digit of r?
7
Suppose 13*k + 437829 = 18*k + 16*k. What is the thousands digit of k?
0
Let u(r) be the second derivative of 2/3*r**4 + 10*r - 2/3*r**3 + 0 + 9/2*r**2. What is the hundreds digit of u(4)?
1
Suppose 0 = -5*z + 2*z - 7512. Let y = -1129 - z. What is the units digit of y?
5
Suppose 0 = -5*j + 4*f + 568 + 337, 4*f = -5*j + 865. Let y = 435 + j. What is the tens digit of y?
1
Suppose 91*k - 126 = 93*k. What is the tens digit of 9/k - 2*3823/(-14)?
4
Let i(z) = 11*z**2 - 48 + z - 2*z + 3*z + 7*z. What is the tens digit of i(5)?
7
Let c be (-3 - 97)*(-6)/8. Let m = 881 + -873. What is the units digit of 386/m + c/100?
9
Let l = 150 - 156. What is the tens digit of 610/4*l/(-3)?
0
Suppose -w + 10053 = -3*k, -8*k = -2*w - 4*k + 20098. What is the units digit of w?
1
Let y = 158 - 155. Let t(z) = 5*z**3 + 9*z**2 - 26*z - 7. What is the units digit of t(y)?
1
Let p = -44722 + 67273. What is the uni